g = -k. List the prime factors of g.
2
List the prime factors of (-28)/(-49) + (-12452)/(-14) + 3.
19, 47
Suppose 2*j + 2 = 6. Let q = 3 + 8. Suppose q = j*m - m. List the prime factors of m.
11
Let n = 1288 - 906. What are the prime factors of n?
2, 191
Suppose -2*s + 2*w = 4*w - 30, -2*s = 4*w - 40. Let p = 13 - s. Suppose -80 = -7*q + p*q. What are the prime factors of q?
2, 5
Suppose -5*v + 55 = -2*k + k, 14 = 2*v - 2*k. Suppose t + 2*t = v. Suppose -t*q = n - 83, 4*n = -5*q + 2*q + 59. What are the prime factors of q?
3, 7
Suppose 9*f = 12*f - 15. Suppose -f*m - 57 = -8*m. What are the prime factors of m?
19
Let g(s) be the third derivative of -s**5/60 - 5*s**4/12 - s**3/2 + 2*s**2. Let o = -9 - -4. List the prime factors of g(o).
2, 11
Let v be (-12)/(-21) + (-790)/(-14). Let o = v - 27. List the prime factors of o.
2, 3, 5
Suppose k - 104 - 3 = 0. Suppose -3*g - 14 = -k. Suppose -g = -4*r + 3*x, -5*r + 4*x = -32 - 6. List the prime factors of r.
2, 5
Let b = 948 + -320. List the prime factors of b.
2, 157
Let k be -16*(-1 + (1 - 1)). Let p(z) = -z + 8. Let g be p(6). Suppose -2*j - 3*s + k = -8*s, 10 = 2*j - g*s. What are the prime factors of j?
3
Suppose 2*x - 160 = -4*i + 82, 0 = -2*i - 4*x + 118. Suppose 2*v + 2*y - 156 = 0, -5*y - 67 = -2*v + i. List the prime factors of v.
2, 37
Let l = 60 - 55. Suppose -3*u = -l*u + 40. What are the prime factors of u?
2, 5
Suppose 0 = -x + 10*x - 36. List the prime factors of (x/((-32)/(-844)))/(1/2).
211
Suppose 0 = 16*l - 2282 - 2230. List the prime factors of l.
2, 3, 47
Suppose 4*k - 57 = 3*n, 3*n = 5*n - 2*k + 36. Let g = n - -11. List the prime factors of (26/4)/((-2)/g).
13
Let p be 0*(-1)/(-2)*2. Suppose 5*x + p*x - 125 = 0. Let d = -8 + x. What are the prime factors of d?
17
Suppose 3*c + 0*c + 4*p = -44, 31 = -2*c - 3*p. Let f(t) = -t**3 - 9*t**2 - 8*t - 3. Let l be f(c). What are the prime factors of 16 + -1 - (1 + l)?
17
Let a(f) = 45*f**3 - f. Let y = 23 + -21. Suppose -5*d + y*x = -1, 6*d - 2*d - 6 = -x. List the prime factors of a(d).
2, 11
Let o(x) = -5*x - 39. Let y(q) = 11*q + 78. Let t(l) = -9*o(l) - 4*y(l). Let n be t(0). List the prime factors of n/(-2 + 5)*1.
13
Suppose 3*k = -0*k + 6. Let a = 62 - k. What are the prime factors of a?
2, 3, 5
Let l be -2 + 4 + -1 + 1. What are the prime factors of (-114)/l*(-11)/11?
3, 19
Let u be 291 + (0 - 3) - -3. Suppose o = -25 + u. What are the prime factors of o?
2, 7, 19
Suppose -388 = -8*l + 740. Suppose -3*z + 498 = l. List the prime factors of z.
7, 17
Let q be (-30)/(-135) - (-14)/18 - 70. Let o = q + 71. What are the prime factors of o?
2
Suppose -t + u + 38 = 0, 77 = 2*t - 4*u + u. List the prime factors of t.
37
Suppose 3*g - 6*c = -3*c + 5091, 5*g + c - 8479 = 0. List the prime factors of g.
2, 53
Let g be (3/(-2)*6)/(-1). Let n = g - 3. Suppose v = n + 1. What are the prime factors of v?
7
Suppose 4*i = -3*k + 8, 6 = -k + 2*k + 3*i. Suppose -2*s + 200 + 16 = k. List the prime factors of s.
2, 3
Suppose -3*i + 966 = 2*b, -b + 1449 = 2*b + 2*i. Suppose -3*o + b = 4*y, -7*o + 3*o + 644 = 2*y. What are the prime factors of o?
7, 23
Let x = -163 - -599. What are the prime factors of x?
2, 109
Let h = 139 + -205. Let g = h - -30. Let b = g + 63. What are the prime factors of b?
3
Suppose 0 = -6*r - 2665 + 6343. What are the prime factors of r?
613
Let n(r) = r**2 + 4*r + 4. Let p be n(-2). Suppose 6*y - 3*y - 219 = p. Let c = y + -22. List the prime factors of c.
3, 17
Suppose 0 = 2*s + 30 - 86. Let j = -502 - -498. List the prime factors of j/14 + 316/s.
11
Let q(w) = 37*w - 11. Let c be q(6). Suppose 0 = z - 4*b - 58, 2*b = -3*z + c + 19. What are the prime factors of z?
2, 37
Let l(f) be the first derivative of -5*f**4/12 + f**3/3 + 5*f**2/2 - 1. Let p(m) be the second derivative of l(m). What are the prime factors of p(-4)?
2, 3, 7
Let o(x) = -x**3 - 4*x**2 + 1. Let i be o(-3). Let d(g) = -1. Let f(l) = l - 5. Let t(n) = -6*d(n) - f(n). What are the prime factors of t(i)?
19
Suppose -2*p + 16 = 22. What are the prime factors of ((-158)/4)/(p/6)?
79
Let x(u) = 10*u - 11. Let z be x(-3). Let k = z + 102. List the prime factors of k.
61
Let w(u) = 2*u**3 - 42*u**2 - 18*u + 43. What are the prime factors of w(22)?
3, 5, 41
List the prime factors of 40048/(-120)*-5 + 10/(-6).
1667
Suppose 0 = -5*m + 2*k + 11429, 5*m - 11427 = k - 0*k. List the prime factors of m.
5, 457
Let z(y) be the third derivative of -y**6/120 - y**5/20 - y**4/8 - y**3/3 + 5*y**2. Let d be z(-2). Suppose -3*q + 1 + 5 = d. What are the prime factors of q?
2
Suppose 6039 = 186*b - 175*b. What are the prime factors of b?
3, 61
Let p = 257 - 268. Let a(d) = -d**3 - 11*d**2 + 4*d + 6. Let l(t) = -2*t**3 - 22*t**2 + 7*t + 13. Let s(z) = -7*a(z) + 4*l(z). List the prime factors of s(p).
2, 5
List the prime factors of 1367 + 4/22*11.
37
Let z(o) = -7*o + 2. Let q(l) = -20*l + 5. Let k(b) = 2*q(b) - 7*z(b). List the prime factors of k(2).
2, 7
Suppose 2*i - 45 = -3*i. Let o be 146/6 - i/27. Let c = -13 + o. What are the prime factors of c?
11
List the prime factors of ((-12)/48)/((3/(-3))/1972).
17, 29
Let k = -23 - -22. Let b(d) = 19*d**2 + 2*d + 1. Let x be b(k). List the prime factors of (4 - x/4)*-56.
2, 7
Suppose 0 = -5*m - 0 + 10, -290 = 2*h - 5*m. Let r = 236 + h. List the prime factors of r.
2, 3
What are the prime factors of (82 + -76)*(2 - (-1686)/4)?
3, 7, 11
Suppose -s = -2*s. Let p(g) = g - 28. Let r be p(s). What are the prime factors of r/14 - -1*4?
2
List the prime factors of (-2)/(-1) - ((-36)/(-6) - 369).
5, 73
Let v(t) = -t**3 - 7*t**2 - 2*t - 16. Suppose -2*s + 4 = 0, -x + 50 = s + 2. Suppose -5*w + 6 = x. List the prime factors of v(w).
2
What are the prime factors of (-4)/((-32)/(-1432))*3/(-3)?
179
Let w = -86 + 22. Let t = w - -139. What are the prime factors of t?
3, 5
Suppose 2*r - 5*r + 3*j + 1365 = 0, r = 5*j + 459. Suppose -r = -6*q + 512. List the prime factors of q.
7, 23
Suppose 4*d - 3*d = 4*d. Suppose -p + 3*u = -176, d = -2*p - 0*u + 4*u + 362. What are the prime factors of p?
191
Let u be 0 - -1 - (0 + 4). List the prime factors of -68*(-2)/(-12)*u.
2, 17
List the prime factors of -3 + (-12)/(-3) + 256.
257
Suppose 5*i + 2*d = 1430, -4*i + 3*i + 2*d + 274 = 0. What are the prime factors of i?
2, 71
Suppose 0 + 67 = 2*t + w, 5*t + 5*w - 170 = 0. Suppose -2*o + 5*v = -3*o - 18, -3*v - 22 = -5*o. Suppose o*s - t - 93 = 0. List the prime factors of s.
3, 7
Let a(m) = m + 10. Let i be a(-7). Suppose 0 = 5*l + 5*v - 40, 0*v = 4*l + i*v - 33. What are the prime factors of l?
3
Suppose -3*y + 78 = 4*w - 510, 3*w - y - 454 = 0. Suppose w - 31 = 7*o. List the prime factors of o.
17
Let r be 2 + (-24)/(-3 + 2). List the prime factors of r/(4*(-4)/(-40)).
5, 13
Let z be 0/(-3 - 0 - -1). Suppose 0 = 3*l + n - 10, 5*l - 5 = -z*l - 4*n. Suppose 3*i - 2*i + 103 = l*v, 0 = 4*v + 2*i - 74. List the prime factors of v.
2, 5
Suppose 0 = -s + 272 + 83. List the prime factors of s.
5, 71
Let t = 74 - -3. List the prime factors of t.
7, 11
Let h(p) = p + 1. Let q(c) = 6*c - 56. Let l(k) = 5*h(k) + q(k). List the prime factors of l(10).
59
Let n be 2 + -4 + 336 + 2/(-1). What are the prime factors of n/3 + 34/(-51)?
2, 5, 11
Suppose 36*l = 35*l - 115. Let w = l - -215. List the prime factors of w.
2, 5
Suppose -2*w = -5*r - 64, 4*w - 160 = -3*r + 5*r. List the prime factors of w.
2, 3, 7
Let n(w) = 458*w - 5. List the prime factors of n(1).
3, 151
Let g be (12/10)/((-1)/10). Let x = g - -14. Suppose 3*h - 33 = -3*t, -x*t - 19 - 37 = -4*h. What are the prime factors of h?
13
Suppose 15470 = 4*z - 5*w, 4*z - 4*w - 11602 = z. What are the prime factors of z?
2, 3, 5, 43
Suppose -17*w = -12*w - 2545. List the prime factors of w.
509
Let r = 0 + -48. Let m(w) = -w**3 + 2*w**2 + 6*w - 2. Let a be m(4). Let j = a - r. List the prime factors of j.
2, 19
Let q(x) = -x**3 - 14*x**2 + 23*x - 12. List the prime factors of q(-20).
2, 241
Let c be 267/(-21) - (-14)/(-49). Let h(i) = 2*i**2 + 7*i + 7. Let y be h(-5). Let s = y + c. List the prime factors of s.
3
Suppose -15*b = b - 176. Let r(o) = 14*o + 37. What are the prime factors of r(b)?
191
Let d = -108 - -108. Suppose -3*b + 5*t + 406 = -d*b, -670 = -5*b + 5*t. List the prime factors of b.
2, 3, 11
Suppose 24*